t z(m) = -547*m - 13501. What is z(-26)?
721
Let x(v) = -291*v + 377. Determine x(-3).
1250
Let q(o) = 52474*o + 15532304. Give q(-296).
0
Let w(z) = 1130*z - 692678. Give w(613).
12
Let f(h) = -2766*h - 976354. Determine f(-353).
44
Let r(d) = -d**3 - d**2 - 45*d - 121. Calculate r(0).
-121
Let g(r) = -2688*r - 508022. Give g(-189).
10
Let d(j) = 43*j**3 - 13*j**2 + 12*j + 6. What is d(-4)?
-3002
Let l(n) = 724*n + 37932. Give l(-52).
284
Let r(d) = -d**2 + 449*d + 80282. Give r(586).
0
Let k(x) = -2*x**2 + 65785*x - 1314899. Give k(20).
1
Let q(k) = k**3 + 35*k**2 + 146*k - 34. Give q(-29).
778
Let m(j) = -2*j**2 - 2311*j + 23304. Determine m(10).
-6
Let b(a) = 4*a**3 + 20*a**2 + 5*a - 149. Give b(-5).
-174
Let q(g) = -2*g**2 - 178*g + 4865. Give q(-79).
6445
Let z(x) = x**3 - 217*x**2 + 1036*x + 12. Calculate z(5).
-108
Let z(a) = 2*a**3 - 1029*a**2 + 9585*a + 5053. What is z(505)?
3
Let t(g) = -5*g**3 - 482*g**2 - 185*g + 502. Give t(-96).
-170
Let o(z) = -7611*z + 441433. Calculate o(58).
-5
Let y(b) = b**2 - 7888*b + 55213. Calculate y(7).
46
Let p(w) = w**3 - 815*w**2 + 11999*w + 798. What is p(800)?
-2
Let q(p) = 8021*p + 16278. What is q(-2)?
236
Let p(y) = -y**3 + 12*y**2 - 29*y - 27. Determine p(5).
3
Let x(f) = 2066*f + 50378. What is x(-24)?
794
Let u(j) = -925*j + 16008. Determine u(16).
1208
Let o(h) = -2*h**3 + 21*h**2 - 4*h + 19. Calculate o(11).
-146
Let g(j) = -17846*j + 428205. Calculate g(24).
-99
Let a(x) = 71*x**2 - 2683*x + 18390. Determine a(9).
-6
Let q(d) = d**2 - 149523*d + 11507339. Determine q(77).
-3
Let l(o) = -o**3 - 480*o**2 + 5364*o - 18151. What is l(-491)?
16
Let y(o) = -4*o**3 - 256*o**2 + 525*o - 277. Determine y(-66).
-79
Let n(c) = c**3 - 5*c**2 - 29479*c + 147400. Give n(5).
5
Let h(r) = 456*r - 367. What is h(3)?
1001
Let x(z) = -59660*z + 118165. What is x(2)?
-1155
Let j(l) = 7*l**2 - 8862*l + 79794. Determine j(9).
603
Let a(t) = -9*t**2 - 419*t + 336. Give a(-46).
566
Let k(x) = 58*x**2 + 21476*x - 15579. Calculate k(-371).
3
Let g(b) = 26*b**2 - 229*b + 2281. Calculate g(10).
2591
Let t(n) = n**2 - 706*n - 376. Determine t(0).
-376
Let c(q) = -138*q + 38792. Determine c(281).
14
Let z(f) = 11*f**2 + 101*f - 702. What is z(-12)?
-330
Let n(o) = 98*o - 346. What is n(8)?
438
Let s(v) = -13627*v - 81717. Calculate s(-6).
45
Let f(k) = k**2 - 3084944*k - 15424726. Determine f(-5).
19
Let x(k) = k**3 + 390*k**2 + 5990*k + 2215. Give x(-374).
-29
Let w(t) = t**3 + 578*t**2 + 4*t - 8. Give w(0).
-8
Let a(c) = 3014*c - 9076. What is a(3)?
-34
Let s(b) = 8*b**2 - 391*b + 11. Determine s(0).
11
Let b(z) = -z**3 + 133*z**2 + 161*z - 3752. Determine b(134).
-134
Let u(x) = -2*x**3 - 166*x**2 + 546*x + 17531. Give u(-85).
21
Let x(t) = -112113*t - 1009052. Determine x(-9).
-35
Let q(n) = 160*n - 18721. What is q(123)?
959
Let h(w) = w**3 - 7*w**2 + 2959*w + 103. Determine h(0).
103
Let s(x) = 6131*x - 18181. Calculate s(3).
212
Let i(o) = 60*o**3 + 121*o**2 - 317*o - 17. Calculate i(3).
1741
Let d(v) = 417*v - 9462. Give d(22).
-288
Let t(x) = -43*x**2 + 1207*x + 43. Calculate t(28).
127
Let l(q) = -28*q - 1234. Give l(-30).
-394
Let s(c) = -806*c + 19364. Calculate s(25).
-786
Let y(k) = -3*k**3 + 24*k**2 + 2712*k - 21668. Calculate y(8).
28
Let m(h) = 65*h**2 + 20880*h + 62647. Give m(-3).
592
Let o(h) = 6847*h + 27364. What is o(-4)?
-24
Let y(c) = -2*c**3 - 66*c**2 + 20*c + 620. Determine y(-33).
-40
Let s(m) = 143*m**2 - 3260*m - 662. Calculate s(23).
5
Let f(y) = 21*y**2 - 635*y + 434. Determine f(30).
284
Let t(p) = 268*p - 61329. Calculate t(229).
43
Let d(j) = -226*j - 59229. Calculate d(-262).
-17
Let b(v) = 6*v**3 - 91*v**2 - 102*v + 348. Determine b(16).
-4
Let u(z) = 11*z**3 - 16*z**2 - 11128*z - 11110. Determine u(-1).
-9
Let w(v) = 191*v - 32677. Determine w(171).
-16
Let x(r) = -r**3 - 714*r**2 - 9815*r - 220. Give x(-14).
-10
Let p(x) = -2*x**3 - 35*x**2 + 254*x + 4237. Give p(-18).
-11
Let a(b) = b**2 + 2418*b - 14556. Determine a(6).
-12
Let p(i) = -i**2 - 317*i + 10779. What is p(32)?
-389
Let a(i) = 26*i - 1377. Give a(35).
-467
Let d(f) = -2*f**3 - 213*f**2 - 1075*f - 16041. Give d(-102).
-27
Let i(d) = -43*d - 2732. Determine i(-59).
-195
Let s(u) = -4*u**3 + u**2 - 114*u - 437. Calculate s(-5).
658
Let d(o) = -621*o + 2646. What is d(5)?
-459
Let t(w) = w**3 + 594*w**2 + 63860*w - 5886. What is t(-453)?
3
Let s(j) = -16*j**3 + 13550*j**2 + 1686*j + 6713. Determine s(847).
-63
Let i(g) = 7*g**3 + 15*g**2 - 19*g - 51. What is i(-3)?
-48
Let s(n) = -2*n**3 - 61*n**2 + 80*n - 1032. Give s(-32).
-520
Let y(d) = -30*d**2 - 1345*d + 29206. What is y(16)?
6
Let v(u) = -u**3 + 6*u**2 + 131*u + 275. Give v(-6).
-79
Let n(m) = 3*m**2 - 80*m + 632. Give n(9).
155
Let r(l) = 2987*l**2 - 38825*l - 71. What is r(13)?
7
Let g(z) = -47026*z - 235145. Give g(-5).
-15
Let m(u) = 20*u**2 + 2378*u - 2380. What is m(1)?
18
Let p(o) = 20*o**3 + 134*o**2 - 52*o + 68. Determine p(-7).
138
Let y(d) = 2*d**3 - 12*d**2 - 58*d + 209. Calculate y(5).
-131
Let h(n) = 74*n**2 + 398*n - 22633. Give h(15).
-13
Let l(q) = -12*q + 103. Determine l(-102).
1327
Let z(o) = -13*o**3 + 601*o**2 - 162*o + 1114. Determine z(46).
10
Let l(h) = 3*h**3 - 1039*h**2 - 11383*h - 14640. Calculate l(357).
-3
Let j(y) = -y**3 + 162*y**2 + 204*y + 20530. Calculate j(164).
194
Let l(k) = 18*k**2 - 1337*k - 10271. Give l(-7).
-30
Let j(l) = l**2 - 1806*l + 270770. Calculate j(165).
5
Let j(c) = c**2 - 8465*c + 211048. Determine j(25).
48
Let z(h) = 420*h**2 - 31870*h - 3798. What is z(76)?
2
Let d(k) = 18703*k - 3366534. Give d(180).
6
Let a(v) = -794*v + 6801. Determine a(9).
-345
Let t(h) = -2*h**3 + 34*h**2 + 77*h - 77. Determine t(19).
-58
Let u(a) = a**2 + 110*a + 1802. Give u(-88).
-134
Let d(l) = l**2 - 25*l - 228. What is d(0)?
-228
Let m(u) = 18*u**2 - 242*u + 1021. Calculate m(12).
709
Let v(d) = -614*d - 15922. Calculate v(-27).
656
Let v(c) = c**3 + 366*c**2 - 2646*c - 13035. Give v(-373).
20
Let u(k) = 4*k**2 + 6*k - 1. Determine u(4).
87
Let j(r) = -810*r + 4510. Determine j(6).
-350
Let i(g) = 2*g**3 + 308*g**2 + 642*g + 5184. Give i(-152).
16
Let s(i) = 26*i - 689. Give s(53).
689
Let y(t) = t**2 - 561*t + 3865. Calculate y(0).
3865
Let b(g) = -g**3 + 70*g**2 + 1431*g + 62. Determine b(-16).
-818
Let o(y) = 4*y**3 + 56*y**2 + 51*y + 33. Calculate o(-13).
46
Let p(t) = -4*t**2 + 114*t - 37. Give p(26).
223
Let n(g) = -40*g**2 - 2889*g + 9021. Calculate n(3).
-6
Let p(a) = -2*a**3 - 629*a**2 + 14443*a - 1678. Calculate p(-336).
2
Let b(z) = -2*z**3 + 20*z**2 - 892*z + 4206. Give b(5).
-4
Let n(p) = 2*p**3 - 14*p**2 + 31*p - 86. Determine n(6).
28
Let k(j) = -1448816*j - 13039342. Calculate k(-9).
2
Let u(z) = 2401*z - 439377. Calculate u(183).
6
Let j(r) = -42*r**3 - 90*r**2 + 17*r + 40. Give j(-4).
1220
Let b(g) = -1807*g - 22720. Give b(-12).
-1036
Let u(b) = 10*b**2 - 3409*b + 29865. Determine u(9).
-6
Let j(n) = -2085*n - 102293. What is j(-49)?
-128
Let q(i) = -41*i**2 + 2672*i + 10800. Calculate q(69).
-33
Let q(h) = 12*h**3 + 42*h**2 + 33*h + 464. Calculate q(-8).
-3256
Let p(f) = 49*f + 1743. Determine p(-33).
126
Let o(n) = -n**2 + 149069*n + 2683562. Give o(-18).
-4
Let b(z) = -z**3 - 11*z**2 + 601*z + 4402. What is b(-7)?
-1
Let v(y) = 2*y**3 + 164*y**2 - 520*y - 549. Give v(-85).
301
Let i(a) = 4639*a - 15795. What is i(3)?
-1878
Let n(h) = 89506*h + 6354922. Determine n(-71).
-4
Let q(h) = -2*h**2 - 119*h - 929. Calculate q(-51).
-62
Let r(l) = 1946*l - 492260. Calculate r(253).
78
Let s(z) = -11*z**2 + 27809*z - 277002. Determine s(10).
-12
Let g(a) = 3*a**3 - 325*a**2 + 3800*a + 2. Determine g(95).
2
Let l(y) = -434*y - 817. Give l(-2).
51
Let d(o) = -6077*o - 72894. What is d(-12)?
30
Let w(a) = -11*a**2 - 3843*a - 3843. Give w(-1).
-11
Let j(r) = 48*r**2 - 2531*r + 30570. Calculate j(34).
4
Let q(m) = m**2 + 7495*m - 45022. Determine q(6).
-16
Let p(w) = 82242*w + 1069187. What is p(-13)?
41
Let q(k) = -k**2 + 1867*k + 404353. Give q(-196).
5
Let a(s) = 3919*s - 62694. What is a(16)?
10
Let o(r) = -723*r + 277592. Calculate o(384).
-40
Let j(n) = -774*n - 37174. Give j(-48).
-22
Let q(x) = -x**2 + 1573*x + 160249. Calculate q(-96).
25
Let w(q) = -q**2 - 2424*q + 43775. Give w(18).
-181
Let d(w) = -17*w**